{"id":257,"date":"2020-03-14T23:25:48","date_gmt":"2020-03-14T22:25:48","guid":{"rendered":"https:\/\/ilpixelmatto.it\/blog\/?page_id=257"},"modified":"2020-06-13T17:49:48","modified_gmt":"2020-06-13T15:49:48","slug":"giochi-ilpixelmatto","status":"publish","type":"page","link":"https:\/\/ilpixelmatto.it\/blog\/giochi-ilpixelmatto\/","title":{"rendered":"Giochi che IlPixelMatto porta"},"content":{"rendered":"\n<p>In questa pagina puoi trovare l&#8217;elenco dei giochi che porto o che ho portato nel mio canale <a rel=\"noreferrer noopener\" aria-label=\"Youtube (apre in una nuova scheda)\" href=\"https:\/\/www.youtube.com\/channel\/UCbpntaj_TeZpHu8d-aVr99w\/join\" target=\"_blank\">Youtube<\/a> IlPixelMatto.<\/p>\n\n\n\n<figure class=\"wp-block-image size-large\"><a href=\"https:\/\/ilpixelmatto.it\/blog\/giochi-ilpixelmatto\/broomstick-league\/\"><img loading=\"lazy\" decoding=\"async\" width=\"1024\" height=\"576\" src=\"https:\/\/ilpixelmatto.it\/blog\/wp-content\/uploads\/2020\/03\/broomstick-1024x576.png\" alt=\"Broomstic League\" class=\"wp-image-258\" srcset=\"https:\/\/ilpixelmatto.it\/blog\/wp-content\/uploads\/2020\/03\/broomstick-1024x576.png 1024w, https:\/\/ilpixelmatto.it\/blog\/wp-content\/uploads\/2020\/03\/broomstick-300x169.png 300w, https:\/\/ilpixelmatto.it\/blog\/wp-content\/uploads\/2020\/03\/broomstick-768x432.png 768w, https:\/\/ilpixelmatto.it\/blog\/wp-content\/uploads\/2020\/03\/broomstick-1536x864.png 1536w, https:\/\/ilpixelmatto.it\/blog\/wp-content\/uploads\/2020\/03\/broomstick-480x270.png 480w, https:\/\/ilpixelmatto.it\/blog\/wp-content\/uploads\/2020\/03\/broomstick.jpg 1920w\" sizes=\"auto, (max-width: 1024px) 100vw, 1024px\" \/><\/a><figcaption><a href=\"https:\/\/ilpixelmatto.it\/blog\/giochi-ilpixelmatto\/broomstick-league\/\">BroomStick League<br><\/a>Ragazzi \u00e8 arrivato! Broomstick League! Finalmente possiamo giocare a Quidditch! Il gioco che ti permette di entrare in una squadra di Quidditch e vivere l&#8217;emozione di volare sul tuo manico di scopa e vincere la coppa del mondo di Quidditch! <\/figcaption><\/figure>\n\n\n\n<figure class=\"wp-block-image size-large\"><a href=\"https:\/\/ilpixelmatto.it\/blog\/harry-potter-hogwarts-mystery\/ecco-la-guida-a-harry-potter-hogwarts-mystery\/\"><img loading=\"lazy\" decoding=\"async\" width=\"880\" height=\"495\" src=\"https:\/\/ilpixelmatto.it\/blog\/wp-content\/uploads\/2020\/03\/hogwarts-mystery.jpg\" alt=\"hogwarts mystery\" class=\"wp-image-132\" srcset=\"https:\/\/ilpixelmatto.it\/blog\/wp-content\/uploads\/2020\/03\/hogwarts-mystery.jpg 880w, https:\/\/ilpixelmatto.it\/blog\/wp-content\/uploads\/2020\/03\/hogwarts-mystery-300x169.jpg 300w, https:\/\/ilpixelmatto.it\/blog\/wp-content\/uploads\/2020\/03\/hogwarts-mystery-768x432.jpg 768w, https:\/\/ilpixelmatto.it\/blog\/wp-content\/uploads\/2020\/03\/hogwarts-mystery-480x270.jpg 480w\" sizes=\"auto, (max-width: 880px) 100vw, 880px\" \/><\/a><figcaption><a href=\"https:\/\/ilpixelmatto.it\/blog\/harry-potter-hogwarts-mystery\/ecco-la-guida-a-harry-potter-hogwarts-mystery\/\"> Harry Potter Hogwarts Mystery<br><\/a>Preparati a iniziare la tua storia ad Hogwarts dove sarai in grado di frequentare la Scuola di Magia e Stregoneria di Hogwarts! Progredisci come studente per tutti e sette gli anni a Hogwarts e impara a padroneggiare tutto, dal volo, alla trasfigurazione, alla sottile arte di preparare pozioni e altro ancora! <\/figcaption><\/figure>\n\n\n\n<figure class=\"wp-block-image size-large\"><a href=\"https:\/\/ilpixelmatto.it\/blog\/giochi-ilpixelmatto\/stardew-valley\/\"><img loading=\"lazy\" decoding=\"async\" width=\"752\" height=\"430\" src=\"https:\/\/ilpixelmatto.it\/blog\/wp-content\/uploads\/2020\/03\/StardewValleyLogo.jpg\" alt=\"stardew valley\" class=\"wp-image-259\" srcset=\"https:\/\/ilpixelmatto.it\/blog\/wp-content\/uploads\/2020\/03\/StardewValleyLogo.jpg 752w, https:\/\/ilpixelmatto.it\/blog\/wp-content\/uploads\/2020\/03\/StardewValleyLogo-300x172.jpg 300w, https:\/\/ilpixelmatto.it\/blog\/wp-content\/uploads\/2020\/03\/StardewValleyLogo-472x270.jpg 472w\" sizes=\"auto, (max-width: 752px) 100vw, 752px\" \/><\/a><figcaption><a href=\"https:\/\/ilpixelmatto.it\/blog\/giochi-ilpixelmatto\/stardew-valley\/\"> Stardew Valley<br><\/a>Stardew Valley \u00e8 un open world ambientato in un&#8217;omonima cittadina di campagna dove \u00e8 situata la fattoria del protagonista. Nel gioco in singolo lo scopo \u00e8 quello di gestire una fattoria, sbloccando diverse zone della mappa, acquistando nuove abilit\u00e0 e svolgendo missioni affidate da vari personaggi. <\/figcaption><\/figure>\n\n\n\n<figure class=\"wp-block-image size-large\"><a href=\"https:\/\/ilpixelmatto.it\/blog\/giochi-ilpixelmatto\/forager\/\"><img loading=\"lazy\" decoding=\"async\" width=\"1024\" height=\"576\" src=\"https:\/\/ilpixelmatto.it\/blog\/wp-content\/uploads\/2020\/03\/wide.jpg\" alt=\"forager\" class=\"wp-image-261\" srcset=\"https:\/\/ilpixelmatto.it\/blog\/wp-content\/uploads\/2020\/03\/wide.jpg 1024w, https:\/\/ilpixelmatto.it\/blog\/wp-content\/uploads\/2020\/03\/wide-300x169.jpg 300w, https:\/\/ilpixelmatto.it\/blog\/wp-content\/uploads\/2020\/03\/wide-768x432.jpg 768w, https:\/\/ilpixelmatto.it\/blog\/wp-content\/uploads\/2020\/03\/wide-480x270.jpg 480w\" sizes=\"auto, (max-width: 1024px) 100vw, 1024px\" \/><\/a><figcaption><a href=\"https:\/\/ilpixelmatto.it\/blog\/giochi-ilpixelmatto\/forager\/\"> Forager!<br><\/a>E&#8217; un gioco rilassante, durante il gioco, potrai sbloccare la sezione extra, con dei fumetti da poter leggere che ti racconteranno la storia del gioco e molto altro ancora!<br>Inoltre potrai scegliere come progradire nel gioco! Se coltivare, se diventare un cacciatore di mostri, se diventare un minatore.. Insomma, un gioco veramente ben fatto e ben pensato! FANTASTICO sotto tutti i punti di vista! <\/figcaption><\/figure>\n\n\n\n<figure class=\"wp-block-image size-large\"><a href=\"https:\/\/ilpixelmatto.it\/blog\/harry-potter-wizards-unite\/\"><img loading=\"lazy\" decoding=\"async\" width=\"1024\" height=\"683\" src=\"https:\/\/ilpixelmatto.it\/blog\/wp-content\/uploads\/2020\/03\/wizards-united-fierobecco-1024x683.jpg\" alt=\"wizards unite\" class=\"wp-image-263\" srcset=\"https:\/\/ilpixelmatto.it\/blog\/wp-content\/uploads\/2020\/03\/wizards-united-fierobecco-1024x683.jpg 1024w, https:\/\/ilpixelmatto.it\/blog\/wp-content\/uploads\/2020\/03\/wizards-united-fierobecco-300x200.jpg 300w, https:\/\/ilpixelmatto.it\/blog\/wp-content\/uploads\/2020\/03\/wizards-united-fierobecco-768x512.jpg 768w, https:\/\/ilpixelmatto.it\/blog\/wp-content\/uploads\/2020\/03\/wizards-united-fierobecco-405x270.jpg 405w, https:\/\/ilpixelmatto.it\/blog\/wp-content\/uploads\/2020\/03\/wizards-united-fierobecco.jpg 1200w\" sizes=\"auto, (max-width: 1024px) 100vw, 1024px\" \/><\/a><figcaption><a href=\"https:\/\/ilpixelmatto.it\/blog\/harry-potter-wizards-unite\/\"> Harry Potter Wizards Unite!<br><\/a>Credevate che dopo la sconfitta di &#8220;voi-sapete-chi&#8221; la pace avrebbe regnato per sempre? Sbagliavate: un misterioso ed inspiegabile avvenimento, chiamato Calamit\u00e0, ha diffuso vari oggetti e creature incantate in giro per il reame dei babbani (no-mag per il ministero americano). <\/figcaption><\/figure>\n\n\n\n<figure class=\"wp-block-image size-large\"><a href=\"https:\/\/ilpixelmatto.it\/blog\/giochi-ilpixelmatto\/lego-harry-potter-anni-1-4\/\"><img loading=\"lazy\" decoding=\"async\" width=\"947\" height=\"720\" src=\"https:\/\/ilpixelmatto.it\/blog\/wp-content\/uploads\/2020\/03\/Lego-Harry-Potter.jpg\" alt=\"lego harry potter\" class=\"wp-image-264\" srcset=\"https:\/\/ilpixelmatto.it\/blog\/wp-content\/uploads\/2020\/03\/Lego-Harry-Potter.jpg 947w, https:\/\/ilpixelmatto.it\/blog\/wp-content\/uploads\/2020\/03\/Lego-Harry-Potter-300x228.jpg 300w, https:\/\/ilpixelmatto.it\/blog\/wp-content\/uploads\/2020\/03\/Lego-Harry-Potter-768x584.jpg 768w, https:\/\/ilpixelmatto.it\/blog\/wp-content\/uploads\/2020\/03\/Lego-Harry-Potter-355x270.jpg 355w\" sizes=\"auto, (max-width: 947px) 100vw, 947px\" \/><\/a><figcaption><a href=\"https:\/\/ilpixelmatto.it\/blog\/giochi-ilpixelmatto\/lego-harry-potter-anni-1-4\/\"> Lego Harry Potter anni 1-4<br><\/a>Rivivi le fantastiche avventure di Harry Potter, Ron Weasley e Hermione Granger, sconfiggi il mago oscuro, salva Fierobecco da morte certa e molto altro ancora! Solo su Lego Harry Potter! <\/figcaption><\/figure>\n\n\n\n<div class=\"wp-block-image\"><figure class=\"aligncenter size-large\"><a href=\"https:\/\/ilpixelmatto.it\/blog\/lego-harry-potter-anni-5-7\/\"><img loading=\"lazy\" decoding=\"async\" width=\"512\" height=\"512\" src=\"https:\/\/ilpixelmatto.it\/blog\/wp-content\/uploads\/2020\/03\/legoanni57.jpg\" alt=\"lego harry potter anni 5-7\" class=\"wp-image-266\" srcset=\"https:\/\/ilpixelmatto.it\/blog\/wp-content\/uploads\/2020\/03\/legoanni57.jpg 512w, https:\/\/ilpixelmatto.it\/blog\/wp-content\/uploads\/2020\/03\/legoanni57-300x300.jpg 300w, https:\/\/ilpixelmatto.it\/blog\/wp-content\/uploads\/2020\/03\/legoanni57-150x150.jpg 150w, https:\/\/ilpixelmatto.it\/blog\/wp-content\/uploads\/2020\/03\/legoanni57-270x270.jpg 270w\" sizes=\"auto, (max-width: 512px) 100vw, 512px\" \/><\/a><figcaption><a href=\"https:\/\/ilpixelmatto.it\/blog\/lego-harry-potter-anni-5-7\/\"> Lego Harry Potter anni 5-7<br><\/a>Rivivi le fantastiche avventure di Harry Potter, Ron Weasley e Hermione Granger, sconfiggi il mago oscuro, salva Fierobecco da morte certa e molto altro ancora! Solo su Lego Harry Potter! <\/figcaption><\/figure><\/div>\n\n\n\n<figure class=\"wp-block-image size-large\"><a href=\"https:\/\/ilpixelmatto.it\/blog\/giochi-ilpixelmatto\/brawl-stars-2\/\"><img loading=\"lazy\" decoding=\"async\" width=\"630\" height=\"359\" src=\"https:\/\/ilpixelmatto.it\/blog\/wp-content\/uploads\/2020\/03\/brawl-stars.jpg\" alt=\"brawl stars\" class=\"wp-image-265\" srcset=\"https:\/\/ilpixelmatto.it\/blog\/wp-content\/uploads\/2020\/03\/brawl-stars.jpg 630w, https:\/\/ilpixelmatto.it\/blog\/wp-content\/uploads\/2020\/03\/brawl-stars-300x171.jpg 300w, https:\/\/ilpixelmatto.it\/blog\/wp-content\/uploads\/2020\/03\/brawl-stars-474x270.jpg 474w\" sizes=\"auto, (max-width: 630px) 100vw, 630px\" \/><\/a><figcaption><a href=\"https:\/\/ilpixelmatto.it\/blog\/giochi-ilpixelmatto\/brawl-stars-2\/\"> Brawl Stars<br><\/a>I creatori di Clash of Clans, Clash Royale e Boom Beach ti presentano frenetici scontri multigiocatore! Combatti in solitaria o assieme a degli amici in svariate modalit\u00e0 in meno di tre minuti. Sblocca e migliora decine di brawler dotati di potenti abilit\u00e0 speciali. Acquista e colleziona skin uniche per eliminare i nemici con stile e unisciti a una cricca per scegliere con i tuoi amici il piano di battaglia migliore. <\/figcaption><\/figure>\n\n\n\n<p>E con questo finisce l&#8217;elenco dei giochi che porto sul mio canale IlPixelMatto su Youtube! Se hai altri suggerimenti, lascia pure un commento!<\/p>\n\n\n\n<p><em>Se ci\u00f2 che hai letto ti \u00e8 piaciuto, supportami seguendomi su <strong><a rel=\"noreferrer noopener\" href=\"https:\/\/youtube.com\/ilpixelmatto\" target=\"_blank\">Youtube<\/a><\/strong>, <strong><a href=\"https:\/\/instagram.com\/ilpixelmatto2.0\" target=\"_blank\" rel=\"noreferrer noopener\">Instagram<\/a><\/strong> o <strong><a rel=\"noreferrer noopener\" href=\"https:\/\/facebook.com\/ilpixelmatto\" target=\"_blank\">Facebook<\/a><\/strong> per non perdere altre notizie dal mondo magico e lascia un commento qui sotto!  Se vuoi supportarmi, puoi donare tramite PayPal (<a href=\"https:\/\/paypal.me\/ilpixelmatto\">paypal.me\/ilpixelmatto<\/a>), Bitcoin (<a href=\"https:\/\/www.blockchain.com\/btc\/address\/3BKDxLSEGmVeZRK3pbADk6yhzrNtfMcDwe\">3BKDxLSEGmVeZRK3pbADk6yhzrNtfMcDwe<\/a>) o <a href=\"https:\/\/ilpixelmatto.it\/blog\/una-donazione-a-ilpixelmatto\/\">altri metodi<\/a>.<\/em><\/p>\n","protected":false},"excerpt":{"rendered":"<p>In questa pagina puoi trovare l&#8217;elenco dei giochi che porto o che ho portato nel mio canale Youtube IlPixelMatto. E&hellip; <a class=\"read-more\" href=\"https:\/\/ilpixelmatto.it\/blog\/giochi-ilpixelmatto\/\">Continua a leggere<\/a><\/p>\n","protected":false},"author":1,"featured_media":0,"parent":0,"menu_order":0,"comment_status":"open","ping_status":"closed","template":"","meta":{"wprm-recipe-roundup-name":"","wprm-recipe-roundup-description":"","footnotes":""},"class_list":["post-257","page","type-page","status-publish","hentry"],"yoast_head":"<!-- This site is optimized with the Yoast SEO plugin v27.6 - https:\/\/yoast.com\/product\/yoast-seo-wordpress\/ -->\n<title>Giochi che IlPixelMatto porta sul canale Youtube - IlPixelMatto<\/title>\n<meta name=\"description\" content=\"Qui trovi tutti i giochi che IlPixelMatto porta o ha portato nel suo canale! Da hogwarts Mystery a molti altri giochi! Tutti di IlPixelMatto!\" \/>\n<meta name=\"robots\" content=\"index, follow, max-snippet:-1, max-image-preview:large, max-video-preview:-1\" \/>\n<link rel=\"canonical\" href=\"https:\/\/ilpixelmatto.it\/blog\/giochi-ilpixelmatto\/\" \/>\n<meta property=\"og:locale\" content=\"it_IT\" \/>\n<meta property=\"og:type\" content=\"article\" \/>\n<meta property=\"og:title\" content=\"Giochi che IlPixelMatto porta sul canale Youtube - IlPixelMatto\" \/>\n<meta property=\"og:description\" content=\"Qui trovi tutti i giochi che IlPixelMatto porta o ha portato nel suo canale! Da hogwarts Mystery a molti altri giochi! Tutti di IlPixelMatto!\" \/>\n<meta property=\"og:url\" content=\"https:\/\/ilpixelmatto.it\/blog\/giochi-ilpixelmatto\/\" \/>\n<meta property=\"og:site_name\" content=\"IlPixelMatto\" \/>\n<meta property=\"article:publisher\" content=\"https:\/\/facebook.com\/ilpixelmatto\" \/>\n<meta property=\"article:modified_time\" content=\"2020-06-13T15:49:48+00:00\" \/>\n<meta property=\"og:image\" content=\"https:\/\/ilpixelmatto.it\/blog\/wp-content\/uploads\/2020\/03\/broomstick-1024x576.png\" \/>\n<meta name=\"twitter:card\" content=\"summary_large_image\" \/>\n<meta name=\"twitter:site\" content=\"@ilpixelmatto\" \/>\n<meta name=\"twitter:label1\" content=\"Tempo di lettura stimato\" \/>\n\t<meta name=\"twitter:data1\" content=\"2 minuti\" \/>\n<script type=\"application\/ld+json\" class=\"yoast-schema-graph\">{\"@context\":\"https:\\\/\\\/schema.org\",\"@graph\":[{\"@type\":\"WebPage\",\"@id\":\"https:\\\/\\\/ilpixelmatto.it\\\/blog\\\/giochi-ilpixelmatto\\\/\",\"url\":\"https:\\\/\\\/ilpixelmatto.it\\\/blog\\\/giochi-ilpixelmatto\\\/\",\"name\":\"Giochi che IlPixelMatto porta sul canale Youtube - IlPixelMatto\",\"isPartOf\":{\"@id\":\"https:\\\/\\\/ilpixelmatto.it\\\/blog\\\/#website\"},\"primaryImageOfPage\":{\"@id\":\"https:\\\/\\\/ilpixelmatto.it\\\/blog\\\/giochi-ilpixelmatto\\\/#primaryimage\"},\"image\":{\"@id\":\"https:\\\/\\\/ilpixelmatto.it\\\/blog\\\/giochi-ilpixelmatto\\\/#primaryimage\"},\"thumbnailUrl\":\"https:\\\/\\\/ilpixelmatto.it\\\/blog\\\/wp-content\\\/uploads\\\/2020\\\/03\\\/broomstick-1024x576.png\",\"datePublished\":\"2020-03-14T22:25:48+00:00\",\"dateModified\":\"2020-06-13T15:49:48+00:00\",\"description\":\"Qui trovi tutti i giochi che IlPixelMatto porta o ha portato nel suo canale! Da hogwarts Mystery a molti altri giochi! Tutti di IlPixelMatto!\",\"breadcrumb\":{\"@id\":\"https:\\\/\\\/ilpixelmatto.it\\\/blog\\\/giochi-ilpixelmatto\\\/#breadcrumb\"},\"inLanguage\":\"it-IT\",\"potentialAction\":[{\"@type\":\"ReadAction\",\"target\":[\"https:\\\/\\\/ilpixelmatto.it\\\/blog\\\/giochi-ilpixelmatto\\\/\"]}]},{\"@type\":\"ImageObject\",\"inLanguage\":\"it-IT\",\"@id\":\"https:\\\/\\\/ilpixelmatto.it\\\/blog\\\/giochi-ilpixelmatto\\\/#primaryimage\",\"url\":\"https:\\\/\\\/ilpixelmatto.it\\\/blog\\\/wp-content\\\/uploads\\\/2020\\\/03\\\/broomstick-1024x576.png\",\"contentUrl\":\"https:\\\/\\\/ilpixelmatto.it\\\/blog\\\/wp-content\\\/uploads\\\/2020\\\/03\\\/broomstick-1024x576.png\"},{\"@type\":\"BreadcrumbList\",\"@id\":\"https:\\\/\\\/ilpixelmatto.it\\\/blog\\\/giochi-ilpixelmatto\\\/#breadcrumb\",\"itemListElement\":[{\"@type\":\"ListItem\",\"position\":1,\"name\":\"Home\",\"item\":\"https:\\\/\\\/ilpixelmatto.it\\\/blog\\\/\"},{\"@type\":\"ListItem\",\"position\":2,\"name\":\"Giochi che IlPixelMatto porta\"}]},{\"@type\":\"WebSite\",\"@id\":\"https:\\\/\\\/ilpixelmatto.it\\\/blog\\\/#website\",\"url\":\"https:\\\/\\\/ilpixelmatto.it\\\/blog\\\/\",\"name\":\"IlPixelMatto\",\"description\":\"Harry Potter Hogwarts Mystery, fantascienza e tecnologia!\",\"publisher\":{\"@id\":\"https:\\\/\\\/ilpixelmatto.it\\\/blog\\\/#organization\"},\"potentialAction\":[{\"@type\":\"SearchAction\",\"target\":{\"@type\":\"EntryPoint\",\"urlTemplate\":\"https:\\\/\\\/ilpixelmatto.it\\\/blog\\\/?s={search_term_string}\"},\"query-input\":{\"@type\":\"PropertyValueSpecification\",\"valueRequired\":true,\"valueName\":\"search_term_string\"}}],\"inLanguage\":\"it-IT\"},{\"@type\":\"Organization\",\"@id\":\"https:\\\/\\\/ilpixelmatto.it\\\/blog\\\/#organization\",\"name\":\"IlPixelMatto\",\"url\":\"https:\\\/\\\/ilpixelmatto.it\\\/blog\\\/\",\"logo\":{\"@type\":\"ImageObject\",\"inLanguage\":\"it-IT\",\"@id\":\"https:\\\/\\\/ilpixelmatto.it\\\/blog\\\/#\\\/schema\\\/logo\\\/image\\\/\",\"url\":\"https:\\\/\\\/ilpixelmatto.it\\\/blog\\\/wp-content\\\/uploads\\\/2020\\\/03\\\/final_icon_Tondo-e1584128588290.png\",\"contentUrl\":\"https:\\\/\\\/ilpixelmatto.it\\\/blog\\\/wp-content\\\/uploads\\\/2020\\\/03\\\/final_icon_Tondo-e1584128588290.png\",\"width\":250,\"height\":250,\"caption\":\"IlPixelMatto\"},\"image\":{\"@id\":\"https:\\\/\\\/ilpixelmatto.it\\\/blog\\\/#\\\/schema\\\/logo\\\/image\\\/\"},\"sameAs\":[\"https:\\\/\\\/facebook.com\\\/ilpixelmatto\",\"https:\\\/\\\/x.com\\\/ilpixelmatto\",\"https:\\\/\\\/instagram.com\\\/ilpixelmatto2.0\",\"https:\\\/\\\/www.youtube.com\\\/channel\\\/UCbpntaj_TeZpHu8d-aVr99w\\\/join\"]}]}<\/script>\n<!-- \/ Yoast SEO plugin. -->","yoast_head_json":{"title":"Giochi che IlPixelMatto porta sul canale Youtube - IlPixelMatto","description":"Qui trovi tutti i giochi che IlPixelMatto porta o ha portato nel suo canale! Da hogwarts Mystery a molti altri giochi! Tutti di IlPixelMatto!","robots":{"index":"index","follow":"follow","max-snippet":"max-snippet:-1","max-image-preview":"max-image-preview:large","max-video-preview":"max-video-preview:-1"},"canonical":"https:\/\/ilpixelmatto.it\/blog\/giochi-ilpixelmatto\/","og_locale":"it_IT","og_type":"article","og_title":"Giochi che IlPixelMatto porta sul canale Youtube - IlPixelMatto","og_description":"Qui trovi tutti i giochi che IlPixelMatto porta o ha portato nel suo canale! Da hogwarts Mystery a molti altri giochi! Tutti di IlPixelMatto!","og_url":"https:\/\/ilpixelmatto.it\/blog\/giochi-ilpixelmatto\/","og_site_name":"IlPixelMatto","article_publisher":"https:\/\/facebook.com\/ilpixelmatto","article_modified_time":"2020-06-13T15:49:48+00:00","og_image":[{"url":"https:\/\/ilpixelmatto.it\/blog\/wp-content\/uploads\/2020\/03\/broomstick-1024x576.png","type":"","width":"","height":""}],"twitter_card":"summary_large_image","twitter_site":"@ilpixelmatto","twitter_misc":{"Tempo di lettura stimato":"2 minuti"},"schema":{"@context":"https:\/\/schema.org","@graph":[{"@type":"WebPage","@id":"https:\/\/ilpixelmatto.it\/blog\/giochi-ilpixelmatto\/","url":"https:\/\/ilpixelmatto.it\/blog\/giochi-ilpixelmatto\/","name":"Giochi che IlPixelMatto porta sul canale Youtube - IlPixelMatto","isPartOf":{"@id":"https:\/\/ilpixelmatto.it\/blog\/#website"},"primaryImageOfPage":{"@id":"https:\/\/ilpixelmatto.it\/blog\/giochi-ilpixelmatto\/#primaryimage"},"image":{"@id":"https:\/\/ilpixelmatto.it\/blog\/giochi-ilpixelmatto\/#primaryimage"},"thumbnailUrl":"https:\/\/ilpixelmatto.it\/blog\/wp-content\/uploads\/2020\/03\/broomstick-1024x576.png","datePublished":"2020-03-14T22:25:48+00:00","dateModified":"2020-06-13T15:49:48+00:00","description":"Qui trovi tutti i giochi che IlPixelMatto porta o ha portato nel suo canale! Da hogwarts Mystery a molti altri giochi! Tutti di IlPixelMatto!","breadcrumb":{"@id":"https:\/\/ilpixelmatto.it\/blog\/giochi-ilpixelmatto\/#breadcrumb"},"inLanguage":"it-IT","potentialAction":[{"@type":"ReadAction","target":["https:\/\/ilpixelmatto.it\/blog\/giochi-ilpixelmatto\/"]}]},{"@type":"ImageObject","inLanguage":"it-IT","@id":"https:\/\/ilpixelmatto.it\/blog\/giochi-ilpixelmatto\/#primaryimage","url":"https:\/\/ilpixelmatto.it\/blog\/wp-content\/uploads\/2020\/03\/broomstick-1024x576.png","contentUrl":"https:\/\/ilpixelmatto.it\/blog\/wp-content\/uploads\/2020\/03\/broomstick-1024x576.png"},{"@type":"BreadcrumbList","@id":"https:\/\/ilpixelmatto.it\/blog\/giochi-ilpixelmatto\/#breadcrumb","itemListElement":[{"@type":"ListItem","position":1,"name":"Home","item":"https:\/\/ilpixelmatto.it\/blog\/"},{"@type":"ListItem","position":2,"name":"Giochi che IlPixelMatto porta"}]},{"@type":"WebSite","@id":"https:\/\/ilpixelmatto.it\/blog\/#website","url":"https:\/\/ilpixelmatto.it\/blog\/","name":"IlPixelMatto","description":"Harry Potter Hogwarts Mystery, fantascienza e tecnologia!","publisher":{"@id":"https:\/\/ilpixelmatto.it\/blog\/#organization"},"potentialAction":[{"@type":"SearchAction","target":{"@type":"EntryPoint","urlTemplate":"https:\/\/ilpixelmatto.it\/blog\/?s={search_term_string}"},"query-input":{"@type":"PropertyValueSpecification","valueRequired":true,"valueName":"search_term_string"}}],"inLanguage":"it-IT"},{"@type":"Organization","@id":"https:\/\/ilpixelmatto.it\/blog\/#organization","name":"IlPixelMatto","url":"https:\/\/ilpixelmatto.it\/blog\/","logo":{"@type":"ImageObject","inLanguage":"it-IT","@id":"https:\/\/ilpixelmatto.it\/blog\/#\/schema\/logo\/image\/","url":"https:\/\/ilpixelmatto.it\/blog\/wp-content\/uploads\/2020\/03\/final_icon_Tondo-e1584128588290.png","contentUrl":"https:\/\/ilpixelmatto.it\/blog\/wp-content\/uploads\/2020\/03\/final_icon_Tondo-e1584128588290.png","width":250,"height":250,"caption":"IlPixelMatto"},"image":{"@id":"https:\/\/ilpixelmatto.it\/blog\/#\/schema\/logo\/image\/"},"sameAs":["https:\/\/facebook.com\/ilpixelmatto","https:\/\/x.com\/ilpixelmatto","https:\/\/instagram.com\/ilpixelmatto2.0","https:\/\/www.youtube.com\/channel\/UCbpntaj_TeZpHu8d-aVr99w\/join"]}]}},"_links":{"self":[{"href":"https:\/\/ilpixelmatto.it\/blog\/wp-json\/wp\/v2\/pages\/257","targetHints":{"allow":["GET"]}}],"collection":[{"href":"https:\/\/ilpixelmatto.it\/blog\/wp-json\/wp\/v2\/pages"}],"about":[{"href":"https:\/\/ilpixelmatto.it\/blog\/wp-json\/wp\/v2\/types\/page"}],"author":[{"embeddable":true,"href":"https:\/\/ilpixelmatto.it\/blog\/wp-json\/wp\/v2\/users\/1"}],"replies":[{"embeddable":true,"href":"https:\/\/ilpixelmatto.it\/blog\/wp-json\/wp\/v2\/comments?post=257"}],"version-history":[{"count":13,"href":"https:\/\/ilpixelmatto.it\/blog\/wp-json\/wp\/v2\/pages\/257\/revisions"}],"predecessor-version":[{"id":1233,"href":"https:\/\/ilpixelmatto.it\/blog\/wp-json\/wp\/v2\/pages\/257\/revisions\/1233"}],"wp:attachment":[{"href":"https:\/\/ilpixelmatto.it\/blog\/wp-json\/wp\/v2\/media?parent=257"}],"curies":[{"name":"wp","href":"https:\/\/api.w.org\/{rel}","templated":true}]}}