{"id":3161,"date":"2024-10-30T17:07:24","date_gmt":"2024-10-30T16:07:24","guid":{"rendered":"https:\/\/ilpixelmatto.it\/blog\/?page_id=3161"},"modified":"2024-10-30T17:07:29","modified_gmt":"2024-10-30T16:07:29","slug":"soluzioni-m-a-g-o-hogwarts-mystery","status":"publish","type":"page","link":"https:\/\/ilpixelmatto.it\/blog\/soluzioni-m-a-g-o-hogwarts-mystery\/","title":{"rendered":"Soluzioni M.A.G.O. Hogwarts Mystery"},"content":{"rendered":"\n<h2 class=\"wp-block-heading\">Ecco le soluzioni ai M.A.G.O. Sono vicini!<\/h2>\n\n\n\n<p>I M.A.G.O. sono esami molto importanti perch\u00e9 servono per decidere che professione intraprendere dopo Hogwarts (questo si fa attraverso l&#8217;orientamento professionale a cui sono presenti il preside e il direttore della casa) e in questa pagina potrai trovare tutte le soluzioni ai M.A.G.O. di Harry Potter Hogwarts Mystery!<br>M.A.G.O., acronimo per Magie Avanzate Grado Ottimale \u00e8 il diploma che si consegue nella scuola di Hogwarts al termine del settimo anno; Nell&#8217;originale inglese, i M.A.G.O. si chiamano N.E.W.T. (in inglese mago), e cio\u00e8 <strong>Nastily Exhausting Wizarding Test<\/strong>.<\/p>\n\n\n\n<h3 class=\"wp-block-heading\">Quanti M.A.G.O. si possono avere?<\/h3>\n\n\n\n<p>\u00c8 possibile ottenere fino a 12 M.A.G.O., uno per materia, ciascuno con un voto a s\u00e9 stante. In base ai voti ottenuti ai G.U.F.O, gli studenti possono entrare nelle classi M.A.G.O..<br>Ci stiamo avvicinando alle soluzioni dei M.A.G.O. di Hogwarts Mystery!<br>I giudizi ottenibili sono sei, dal migliore al peggiore:<\/p>\n\n\n\n<ul class=\"wp-block-list\">\n<li>Eccezionale (Outstanding)<\/li>\n\n\n\n<li>Oltre ogni previsione (Exceeds Expectations)<\/li>\n\n\n\n<li>Accettabile (Acceptable)<\/li>\n\n\n\n<li>Scadente (Poor)<\/li>\n\n\n\n<li>Desolante (Dreadful)<\/li>\n\n\n\n<li>Troll (Troll)<\/li>\n<\/ul>\n\n\n\n<p>I primi tre sono i voti con cui si \u00e8 promossi e si ottiene il M.A.G.O. nella materia (sebbene in alcuni casi non si possa continuare il corso se il professore richiede voti pi\u00f9 alti), gli altri tre sono i voti di bocciatura.<br>Le prove degli esami sono divise in teoriche e pratiche: durante il mattino si svolge la prova teorica di una materia e durante il pomeriggio quella pratica della stessa materia. Tutte le prove, a parte quella pratica di Astronomia e quella pratica di Cura delle Creature Magiche, si tengono nella Sala Grande; gli esaminatori non sono insegnanti della scuola.<\/p>\n\n\n\n<h3 class=\"wp-block-heading\">Gli esami di fine anno<\/h3>\n\n\n\n<p>Le materie che hanno una parte&nbsp;<strong>pratica<\/strong>&nbsp;e&nbsp;<strong>teorica<\/strong>&nbsp;possono avere tutte e due le tipologie di prove nell\u2019esame. Infatti, prendendo esempio dalla saga di Harry Potter, Ron prendendo in giro Hermione cita la domanda \u201c14b\u201d denotando una parte scritta oltre a quella pratica. Gli esami pratici vengono tenuti nelle aule dei rispettivi insegnamenti.&nbsp;Gli esami scritti vengono fatti in un\u2019aula grande non ben definita, si potrebbe presumere la&nbsp;<strong>Sala Grande<\/strong>, ma potrebbe essere qualunque stanza di&nbsp;Hogwarts&nbsp;di cui non siamo a conoscenza.&nbsp;<br><\/p>\n\n\n\n<h2 class=\"wp-block-heading\">I M.A.G.O. in Harry Potter<\/h2>\n\n\n\n<blockquote class=\"wp-block-quote is-layout-flow wp-block-quote-is-layout-flow\">\n<p> <em>&nbsp;Ma non potevano permetterselo: gli esami erano vicini, e invece di impigrire in giro, gli studenti erano costretti a rimanere al castello, cercando di obbligare i cervelli a concentrarsi mentre seducenti sbuffi di aria estiva penetravano dalle finestre. Anche Fred e George Weasley furono visti studiare: dovevano ottenere il&nbsp;G.U.F.O.(Giudizio Unico per i Fattucchieri Ordinari). Percy invece si preparava per il M.A.G.O. (Magia Avanzata Grado Ottimale), il diploma pi\u00f9 alto che si potesse prendere a Hogwarts. Dal momento che sperava di entrare al Ministero della Magia, doveva ottenere il massimo dei voti. Diventava sempre pi\u00f9 irritabile, e assegnava punizioni molto severe a chiunque disturbasse la pace serale della sala comune. In effetti, l\u2019unica persona pi\u00f9 tesa di lui era Hermione.<\/em><\/p>\n<cite> <em>[Cap. 16 Harry Potter 3<\/em>]  <\/cite><\/blockquote>\n\n\n\n<h2 class=\"wp-block-heading\">Ecco le soluzioni ai M.A.G.O. di Harry Potter Hogwarts Mystery!<\/h2>\n\n\n\n<p>Ed ecco a voi le soluzioni dei M.A.G.O.. di Harry Potter Hogwarts Mystery della materia da noi pi\u00f9 odiata, o amata? Sicuramente amata da Penny Haywood!<\/p>\n\n\n\n<p>Il primo M.A.G.O. \u00e8 sulla materia della professoressa Sprite! Con il suo M.A.G.O. di Erbologia!<\/p>\n\n\n\n<h3 class=\"wp-block-heading\">Erbologia<\/h3>\n\n\n\n<figure class=\"wp-block-table\"><table><tbody><tr><td>Quale incantesimo fa crescere le piante in fretta?<\/td><td>Herbivicus<\/td><\/tr><tr><td>Quale pianta ha il gambo nero e i fiori bianchi ed \u00e8 in grado di annullare gli incantesimi?<\/td><td>Moly<\/td><\/tr><tr><td>I fiori viola di questa pianta vengono utilizzati nelle pozioni ma le sue foglie sono alquanto tossiche?<\/td><td>Acconito<\/td><\/tr><tr><td>Chi ha scritto mille erbe e funghi magici?<\/td><td>Phylliada Spore<\/td><\/tr><tr><td>Che odore ha il pus di bubotubero?<\/td><td>Petrolio<\/td><\/tr><tr><td>Quando bisogna cogliere l&#8217;erba fondente per utilizzarla nella pozione polisucco?<\/td><td>Durante la luna piena<\/td><\/tr><tr><td>Quale pianta scaccia i Plimpy ghiottoni?<\/td><td>Radigorda<\/td><\/tr><\/tbody><\/table><\/figure>\n\n\n\n<h3 class=\"wp-block-heading\">Pozioni<\/h3>\n\n\n\n<pre class=\"wp-block-preformatted\">Domande di Chiara mentre si cerca Barnaby nella foresta prima dell'esame di Pozioni:\nPozione blu e verde?\nPozione risvegliante\n\nIncantesimo che amplifichi i suoni?\nSonorus<\/pre>\n\n\n\n<figure class=\"wp-block-table\"><table><tbody><tr><td>Di quale colore diventa il distillato della morte vivente a met\u00e0 della preparazione?<\/td><td>Lilla pallido<\/td><\/tr><tr><td>Quale pozione fa tossire e soffocare chiunque la beva?<\/td><td>Gas strozzante<\/td><\/tr><tr><td>Quale di questi \u00e8 un ingediante della soluzione dilatante?<\/td><td>Milza di pipistrello<\/td><\/tr><tr><td>Se preparata correttamente questa pozione emana un vapore argenteo<\/td><td>Bevanda della pace<\/td><\/tr><tr><td>Quale ingrediente spremi quando prepari un Doxicida?<\/td><td>Bundimun<\/td><\/tr><tr><td>Indica la pozione curativa<\/td><td>Regeneratrice<\/td><\/tr><\/tbody><\/table><\/figure>\n\n\n\n<p>Anche La professoressa McGranitt ha in serbo per noi uno speciale M.A.G.O. di trasfigurazione<\/p>\n\n\n\n<h3 class=\"wp-block-heading\">Trasfigurazione<\/h3>\n\n\n\n<pre class=\"wp-block-preformatted\">Consiglio di Elton, dopo l'esame di pozioni, dopo che ha bevuto il the:<br>Il profer Tofty aggiunge sempre una domanda su una delle Trafisgurazione preferite della professoressa McGranitt!<br><br>Trasfigurazioni preferite della professoressa McGranitt:<br>PIERTOTUM LOCOMOTOR d\u00e0 vita agli oggetti inanimati<br>L'incantesimo di trasigurazione PANINI INFINITI rende tutti felici e appagati<br>Mi \u00e8 sempre piaciuto insegnare AVIS, l'incantesimo di Evocazione di uccelli<\/pre>\n\n\n\n<figure class=\"wp-block-table\"><table><tbody><tr><td>Quale incantesimo tramuta un porcospino in un puntaspilli?<\/td><td>Hystrifors<\/td><\/tr><tr><td>Tra le forme magiche, la Trafigurazione \u00e8 reputata la pi\u00f9..?<\/td><td>Scientifica<\/td><\/tr><tr><td>Qual \u00e8 la formula dell&#8217;incanto Pietrificante?<\/td><td>Duro<\/td><\/tr><tr><td>Quale tra i seguenti incantesimi d\u00e0 vita a oggetti inanimati?<\/td><td>Piertotum Locomotor<\/td><\/tr><tr><td>L&#8217;antica strega Circe era famosa perch\u00e9 trasformava i marinai in animali. Quali?<\/td><td>Maiali<\/td><\/tr><tr><td>Da dove compaiono gli uccelli dell&#8217;incantesimo di evocazione di uccelli?<\/td><td>Punta della bacchetta<\/td><\/tr><\/tbody><\/table><\/figure>\n\n\n\n<h3 class=\"wp-block-heading\">Cura delle creature magiche<\/h3>\n\n\n\n<p>Anche Kettelburn ha in serbo un G.U.F.O. per noi! Ma riusciremo a passarlo? Ma certo, grazie alle soluzioni dei G.U.F.O. di Hogwarts Mystery!<\/p>\n\n\n\n<pre class=\"wp-block-preformatted\">Mentre si parla con Charlie nelle Terre crepuscolari:\nAshwinder\nGli Ashwinder nascono dai resti di fuochi magici che nn vengono controllati a dovere\nSembra che le uova di Ashwinder siano rosse ed emanino un calore intenso\nLe uova di un Ashwinder sono in grado di bruciare un edificio intero in pochi istanti\n\nmatagot\nSe lo spaventeremo, si far\u00e0 pericoloso\nLa maggior parte delle magie e degli incantesimi non hanno effetto sui Matagot\nIl Ministero della Magia francese usa i Matagot come misura di sicurezza\n\nGlow Bug\nCi sono maghi e streghe che usano i Glow Bug come lampadine.. ne capisco il motivo\n\nChupacabra\nI Chupacabra hanno diversi aculei, sei gambe e molti denti acuminati\nIl sangue \u00e8 l'alimento fondante dell'alimentazione di un Chupacabra<\/pre>\n\n\n\n<figure class=\"wp-block-table\"><table><tbody><tr><td>Con quale fonte di cibo un Chupacabra pu\u00f2 sostentarsi per tutta la vita?<\/td><td>Sangue<\/td><\/tr><tr><td>Quanti denti ha in media un Vermicolo maschio?<\/td><td>Zero<\/td><\/tr><tr><td>Quale creatura simile a ceppi di legno alberga nelle paludi europee?<\/td><td>Dugbog<\/td><\/tr><tr><td>Per quale tipo di cappotto si possono usare i peli di Demiguise?<\/td><td>Mantello dell&#8217;invisibilit\u00e0<\/td><\/tr><tr><td>Di quale sostanza si compone l&#8217;uovo di Occamy?<\/td><td>Argento<\/td><\/tr><tr><td>Di quale isola sono nativi i Quintaped?<\/td><td>Isola di Drear<\/td><\/tr><\/tbody><\/table><\/figure>\n\n\n\n<p>Con il professor Vitious come ce la caviamo? Ecco le soluzioni per il M.A.G.O. di incantesimi!<\/p>\n\n\n\n<pre class=\"wp-block-preformatted\">Domande di Chiara mentre si ripassa Incantesimi in biblioteca:\nQuale dei seguenti incantesimi pu\u00f2 risultare utile durante un temporale? Impervius, Rainus Ferma o Riddikulus?\nImpervius\n\nA proposito di pioggia.. se fossi in una zona senza acqua, quale incantesimo ti aiuterebbe a placare la sete?\nAguamenti<\/pre>\n\n\n\n<h3 class=\"wp-block-heading\">Incantesimi<\/h3>\n\n\n\n<figure class=\"wp-block-table\"><table><tbody><tr><td>Qual \u00e8 la formula dell&#8217;incantesimo Genera-Acqua?<\/td><td>Aguamenti<\/td><\/tr><tr><td>Quale effetto causa Arresto momentum?<\/td><td>Rallenta la velocit\u00e0 di un oggetto<\/td><\/tr><tr><td>Quale incantesimo useresti per contrastare l&#8217;incantesimo di Appello?<\/td><td>L&#8217;incantesimo di esilio<\/td><\/tr><tr><td>Contro quale pianta spinosa Lumos Solem risulta essere utile?<\/td><td>Tranello del diavolo<\/td><\/tr><tr><td>Quale incantesimo \u00e8 utilissimo da usare prima di fare una lunga vacanza?<\/td><td>Incantesimo delle valige<\/td><\/tr><tr><td>Nox pu\u00f2 essere usato per contrastare un incantesimo. Quale?<\/td><td>Lumos<\/td><\/tr><\/tbody><\/table><\/figure>\n\n\n\n<blockquote class=\"wp-block-quote is-layout-flow wp-block-quote-is-layout-flow\">\n<p> <em>\u2018Non se posso evitarlo\u2019 ribatt\u00e9 la ragazza in tono cupo. \u2018Vitious mi ha detto in gran segreto che al suo esame ho preso&nbsp;centododici su&nbsp;cento. Con un voto del genere, non mi butteranno fuori\u2019.<\/em><\/p>\n<cite> <em>[Cap. 16 Harry Potter 1<\/em>]  <\/cite><\/blockquote>\n\n\n\n<p>Oh questo M.A.G:O. \u00e8 molto pi\u00f9 interessante! Riusciremo a passarlo? direi che grazie a queste soluzioni \u00e8 pi\u00f9 facile, no? Anche se in realt\u00e0 sembra pi\u00f9 un Cura delle creature magiche 2.0<\/p>\n\n\n\n<h3 class=\"wp-block-heading\">Difesa contro le arti oscure<\/h3>\n\n\n\n<figure class=\"wp-block-table\"><table><tbody><tr><td>Il nome &#8220;Manticora&#8221; deriva da un&#8217;antica parola persiana che significa..<\/td><td>Mangia-uomini<\/td><\/tr><tr><td>Quale creatura che infesta le fattorie \u00e8 famosa per far appassire le colture?<\/td><td>Nogtail<\/td><\/tr><tr><td>Quale creatura che vive in stagni e fiumi \u00e8 originaria del giappone?<\/td><td>Kappa<\/td><\/tr><tr><td>Quale creatura ha una saliva che ha un effetto corrosivo sia sulla carne che sulle piante?<\/td><td>Lumaca carnivora<\/td><\/tr><tr><td>Quale incantesimo di protezione crea un contorno che cela alla vista chi l&#8217;ha lanciato?<\/td><td>Cave inimicum<\/td><\/tr><tr><td>Quale fattura lanceresti se volessi far emergere spuntoni sul corpo di una persona in modo doloroso?<\/td><td>Fattura del riccio di mare<\/td><\/tr><\/tbody><\/table><\/figure>\n\n\n\n<h2 class=\"wp-block-heading\">Parlando di Harry Potter<\/h2>\n\n\n\n<h3 class=\"wp-block-heading\">In quali materie bisogna essere valutati?<\/h3>\n\n\n\n<p>Le materie obbligatorie, oggetto di esame quindi, sono:<\/p>\n\n\n\n<ul class=\"wp-block-list\">\n<li><strong>Trasfigurazione<\/strong>: descritta come l\u2019arte di modificare le propriet\u00e0 e la struttura di oggetti e di esseri viventi.<\/li>\n\n\n\n<li><strong>Incantesimi<\/strong>: lo studio di incantesimi, fatture e magie che conferiscono a oggetti qualit\u00e0 che prima non avevano e assolvono a uno specifico compito come l\u2019apertura di porte, la levitazione di oggetti o la generazione di luce.<\/li>\n\n\n\n<li><strong>Pozioni<\/strong>: la preparazione di pozioni, infusi e tisane dotati di effetti magici.<\/li>\n\n\n\n<li><strong>Storia della Magia<\/strong>: studia gli avvenimenti storici del mondo magico, come importanti figure storiche, rivolte di folletti, guerre contro i giganti o trattati internazionali.<\/li>\n\n\n\n<li><strong>Difesa contro le Arti Oscure<\/strong>: si imparano nozioni per proteggersi dalle&nbsp;Arti Oscure, le quali comprendono maledizioni e creature oscure, come mollicci, berretti rossi, kappa, marciotti e avvincini.<\/li>\n\n\n\n<li><strong>Astronomia<\/strong>: si studiano le stelle, i pianeti e le costellazioni, proprio come nella sua controparte reale.<\/li>\n\n\n\n<li><strong>Erbologia<\/strong>: lo studio delle&nbsp;piante magiche, le loro caratteristiche, propriet\u00e0, i modi per coltivarle e ricavarne prodotti.<\/li>\n\n\n\n<li><strong>Volo<\/strong>: insegna agli studenti del primo anno i rudimenti del volo su&nbsp;scopa.<\/li>\n<\/ul>\n\n\n\n<p>Le materie facoltative dal terzo anno in poi sono:<\/p>\n\n\n\n<ul class=\"wp-block-list\">\n<li><strong>Aritmanzia<\/strong>: insegna a leggere il futuro attraverso il linguaggio dei numeri. Poich\u00e9 Harry non segue questa materia non viene mai descritta nei libri, ma si sa solo che \u00e8 una delle materie preferite di Hermione.<\/li>\n\n\n\n<li><strong>Babbanologia<\/strong>: consiste nello studio delle abitudini, tradizioni e tecnologie&nbsp;babbane.<\/li>\n\n\n\n<li><strong>Divinazione<\/strong>: l\u2019arte di prevedere il futuro attraverso l\u2019osservazione degli astri, foglie di t\u00e8, sfere di cristallo, chiromanzia, movimenti di stelle e pianeti e tramite l\u2019interpretazione dei sogni.<\/li>\n\n\n\n<li><strong>Antiche Rune<\/strong>: lo studio degli antichi&nbsp;alfabeti runici. A parte il fatto che Hermione la frequenta non si conosce altro della materia.<\/li>\n\n\n\n<li><strong>Cura delle Creature Magiche<\/strong>: si occupa dello studio delle&nbsp;creature magiche&nbsp;e di come prendersene cura.<\/li>\n<\/ul>\n\n\n\n<p>Spero di avervi aiutato con le soluzioni, buoni esami a tutti!<\/p>\n","protected":false},"excerpt":{"rendered":"<p>Ecco le soluzioni ai M.A.G.O. Sono vicini! I M.A.G.O. sono esami molto importanti perch\u00e9 servono per decidere che professione intraprendere&hellip; <a class=\"read-more\" href=\"https:\/\/ilpixelmatto.it\/blog\/soluzioni-m-a-g-o-hogwarts-mystery\/\">Continua a leggere<\/a><\/p>\n","protected":false},"author":1,"featured_media":3163,"parent":0,"menu_order":0,"comment_status":"open","ping_status":"closed","template":"","meta":{"wprm-recipe-roundup-name":"","wprm-recipe-roundup-description":"","footnotes":""},"class_list":["post-3161","page","type-page","status-publish","has-post-thumbnail","hentry"],"yoast_head":"<!-- This site is optimized with the Yoast SEO plugin v27.6 - https:\/\/yoast.com\/product\/yoast-seo-wordpress\/ -->\n<title>Soluzioni M.A.G.O. Hogwarts Mystery - IlPixelMatto<\/title>\n<meta name=\"description\" content=\"Tutte le soluzioni ai M.A.G.O. di Hogwarts Mystery! Passa gli esami su Hogwarts Mystery passando i MAGO senza difficolt\u00e0 grazie a questa guida ai MAGO\" \/>\n<meta name=\"robots\" content=\"index, follow, max-snippet:-1, max-image-preview:large, max-video-preview:-1\" \/>\n<link rel=\"canonical\" href=\"https:\/\/ilpixelmatto.it\/blog\/soluzioni-m-a-g-o-hogwarts-mystery\/\" \/>\n<meta property=\"og:locale\" content=\"it_IT\" \/>\n<meta property=\"og:type\" content=\"article\" \/>\n<meta property=\"og:title\" content=\"Soluzioni M.A.G.O. Hogwarts Mystery - IlPixelMatto\" \/>\n<meta property=\"og:description\" content=\"Tutte le soluzioni ai M.A.G.O. di Hogwarts Mystery! Passa gli esami su Hogwarts Mystery passando i MAGO senza difficolt\u00e0 grazie a questa guida ai MAGO\" \/>\n<meta property=\"og:url\" content=\"https:\/\/ilpixelmatto.it\/blog\/soluzioni-m-a-g-o-hogwarts-mystery\/\" \/>\n<meta property=\"og:site_name\" content=\"IlPixelMatto\" \/>\n<meta property=\"article:publisher\" content=\"https:\/\/facebook.com\/ilpixelmatto\" \/>\n<meta property=\"article:modified_time\" content=\"2024-10-30T16:07:29+00:00\" \/>\n<meta property=\"og:image\" content=\"https:\/\/ilpixelmatto.it\/blog\/wp-content\/uploads\/2024\/10\/vlcsnap-2024-10-30-17h05m20s124-e1730304401587.png\" \/>\n\t<meta property=\"og:image:width\" content=\"1281\" \/>\n\t<meta property=\"og:image:height\" content=\"867\" \/>\n\t<meta property=\"og:image:type\" content=\"image\/png\" \/>\n<meta name=\"twitter:card\" content=\"summary_large_image\" \/>\n<meta name=\"twitter:site\" content=\"@ilpixelmatto\" \/>\n<meta name=\"twitter:label1\" content=\"Tempo di lettura stimato\" \/>\n\t<meta name=\"twitter:data1\" content=\"7 minuti\" \/>\n<script type=\"application\/ld+json\" class=\"yoast-schema-graph\">{\"@context\":\"https:\\\/\\\/schema.org\",\"@graph\":[{\"@type\":\"WebPage\",\"@id\":\"https:\\\/\\\/ilpixelmatto.it\\\/blog\\\/soluzioni-m-a-g-o-hogwarts-mystery\\\/\",\"url\":\"https:\\\/\\\/ilpixelmatto.it\\\/blog\\\/soluzioni-m-a-g-o-hogwarts-mystery\\\/\",\"name\":\"Soluzioni M.A.G.O. Hogwarts Mystery - IlPixelMatto\",\"isPartOf\":{\"@id\":\"https:\\\/\\\/ilpixelmatto.it\\\/blog\\\/#website\"},\"primaryImageOfPage\":{\"@id\":\"https:\\\/\\\/ilpixelmatto.it\\\/blog\\\/soluzioni-m-a-g-o-hogwarts-mystery\\\/#primaryimage\"},\"image\":{\"@id\":\"https:\\\/\\\/ilpixelmatto.it\\\/blog\\\/soluzioni-m-a-g-o-hogwarts-mystery\\\/#primaryimage\"},\"thumbnailUrl\":\"https:\\\/\\\/ilpixelmatto.it\\\/blog\\\/wp-content\\\/uploads\\\/2024\\\/10\\\/vlcsnap-2024-10-30-17h05m20s124-e1730304401587.png\",\"datePublished\":\"2024-10-30T16:07:24+00:00\",\"dateModified\":\"2024-10-30T16:07:29+00:00\",\"description\":\"Tutte le soluzioni ai M.A.G.O. di Hogwarts Mystery! Passa gli esami su Hogwarts Mystery passando i MAGO senza difficolt\u00e0 grazie a questa guida ai MAGO\",\"breadcrumb\":{\"@id\":\"https:\\\/\\\/ilpixelmatto.it\\\/blog\\\/soluzioni-m-a-g-o-hogwarts-mystery\\\/#breadcrumb\"},\"inLanguage\":\"it-IT\",\"potentialAction\":[{\"@type\":\"ReadAction\",\"target\":[\"https:\\\/\\\/ilpixelmatto.it\\\/blog\\\/soluzioni-m-a-g-o-hogwarts-mystery\\\/\"]}]},{\"@type\":\"ImageObject\",\"inLanguage\":\"it-IT\",\"@id\":\"https:\\\/\\\/ilpixelmatto.it\\\/blog\\\/soluzioni-m-a-g-o-hogwarts-mystery\\\/#primaryimage\",\"url\":\"https:\\\/\\\/ilpixelmatto.it\\\/blog\\\/wp-content\\\/uploads\\\/2024\\\/10\\\/vlcsnap-2024-10-30-17h05m20s124-e1730304401587.png\",\"contentUrl\":\"https:\\\/\\\/ilpixelmatto.it\\\/blog\\\/wp-content\\\/uploads\\\/2024\\\/10\\\/vlcsnap-2024-10-30-17h05m20s124-e1730304401587.png\",\"width\":1281,\"height\":867,\"caption\":\"m.a.g.o. hogwarts mystery\"},{\"@type\":\"BreadcrumbList\",\"@id\":\"https:\\\/\\\/ilpixelmatto.it\\\/blog\\\/soluzioni-m-a-g-o-hogwarts-mystery\\\/#breadcrumb\",\"itemListElement\":[{\"@type\":\"ListItem\",\"position\":1,\"name\":\"Home\",\"item\":\"https:\\\/\\\/ilpixelmatto.it\\\/blog\\\/\"},{\"@type\":\"ListItem\",\"position\":2,\"name\":\"Soluzioni M.A.G.O. Hogwarts Mystery\"}]},{\"@type\":\"WebSite\",\"@id\":\"https:\\\/\\\/ilpixelmatto.it\\\/blog\\\/#website\",\"url\":\"https:\\\/\\\/ilpixelmatto.it\\\/blog\\\/\",\"name\":\"IlPixelMatto\",\"description\":\"Harry Potter Hogwarts Mystery, fantascienza e tecnologia!\",\"publisher\":{\"@id\":\"https:\\\/\\\/ilpixelmatto.it\\\/blog\\\/#organization\"},\"potentialAction\":[{\"@type\":\"SearchAction\",\"target\":{\"@type\":\"EntryPoint\",\"urlTemplate\":\"https:\\\/\\\/ilpixelmatto.it\\\/blog\\\/?s={search_term_string}\"},\"query-input\":{\"@type\":\"PropertyValueSpecification\",\"valueRequired\":true,\"valueName\":\"search_term_string\"}}],\"inLanguage\":\"it-IT\"},{\"@type\":\"Organization\",\"@id\":\"https:\\\/\\\/ilpixelmatto.it\\\/blog\\\/#organization\",\"name\":\"IlPixelMatto\",\"url\":\"https:\\\/\\\/ilpixelmatto.it\\\/blog\\\/\",\"logo\":{\"@type\":\"ImageObject\",\"inLanguage\":\"it-IT\",\"@id\":\"https:\\\/\\\/ilpixelmatto.it\\\/blog\\\/#\\\/schema\\\/logo\\\/image\\\/\",\"url\":\"https:\\\/\\\/ilpixelmatto.it\\\/blog\\\/wp-content\\\/uploads\\\/2020\\\/03\\\/final_icon_Tondo-e1584128588290.png\",\"contentUrl\":\"https:\\\/\\\/ilpixelmatto.it\\\/blog\\\/wp-content\\\/uploads\\\/2020\\\/03\\\/final_icon_Tondo-e1584128588290.png\",\"width\":250,\"height\":250,\"caption\":\"IlPixelMatto\"},\"image\":{\"@id\":\"https:\\\/\\\/ilpixelmatto.it\\\/blog\\\/#\\\/schema\\\/logo\\\/image\\\/\"},\"sameAs\":[\"https:\\\/\\\/facebook.com\\\/ilpixelmatto\",\"https:\\\/\\\/x.com\\\/ilpixelmatto\",\"https:\\\/\\\/instagram.com\\\/ilpixelmatto2.0\",\"https:\\\/\\\/www.youtube.com\\\/channel\\\/UCbpntaj_TeZpHu8d-aVr99w\\\/join\"]}]}<\/script>\n<!-- \/ Yoast SEO plugin. -->","yoast_head_json":{"title":"Soluzioni M.A.G.O. Hogwarts Mystery - IlPixelMatto","description":"Tutte le soluzioni ai M.A.G.O. di Hogwarts Mystery! Passa gli esami su Hogwarts Mystery passando i MAGO senza difficolt\u00e0 grazie a questa guida ai MAGO","robots":{"index":"index","follow":"follow","max-snippet":"max-snippet:-1","max-image-preview":"max-image-preview:large","max-video-preview":"max-video-preview:-1"},"canonical":"https:\/\/ilpixelmatto.it\/blog\/soluzioni-m-a-g-o-hogwarts-mystery\/","og_locale":"it_IT","og_type":"article","og_title":"Soluzioni M.A.G.O. Hogwarts Mystery - IlPixelMatto","og_description":"Tutte le soluzioni ai M.A.G.O. di Hogwarts Mystery! Passa gli esami su Hogwarts Mystery passando i MAGO senza difficolt\u00e0 grazie a questa guida ai MAGO","og_url":"https:\/\/ilpixelmatto.it\/blog\/soluzioni-m-a-g-o-hogwarts-mystery\/","og_site_name":"IlPixelMatto","article_publisher":"https:\/\/facebook.com\/ilpixelmatto","article_modified_time":"2024-10-30T16:07:29+00:00","og_image":[{"width":1281,"height":867,"url":"https:\/\/ilpixelmatto.it\/blog\/wp-content\/uploads\/2024\/10\/vlcsnap-2024-10-30-17h05m20s124-e1730304401587.png","type":"image\/png"}],"twitter_card":"summary_large_image","twitter_site":"@ilpixelmatto","twitter_misc":{"Tempo di lettura stimato":"7 minuti"},"schema":{"@context":"https:\/\/schema.org","@graph":[{"@type":"WebPage","@id":"https:\/\/ilpixelmatto.it\/blog\/soluzioni-m-a-g-o-hogwarts-mystery\/","url":"https:\/\/ilpixelmatto.it\/blog\/soluzioni-m-a-g-o-hogwarts-mystery\/","name":"Soluzioni M.A.G.O. Hogwarts Mystery - IlPixelMatto","isPartOf":{"@id":"https:\/\/ilpixelmatto.it\/blog\/#website"},"primaryImageOfPage":{"@id":"https:\/\/ilpixelmatto.it\/blog\/soluzioni-m-a-g-o-hogwarts-mystery\/#primaryimage"},"image":{"@id":"https:\/\/ilpixelmatto.it\/blog\/soluzioni-m-a-g-o-hogwarts-mystery\/#primaryimage"},"thumbnailUrl":"https:\/\/ilpixelmatto.it\/blog\/wp-content\/uploads\/2024\/10\/vlcsnap-2024-10-30-17h05m20s124-e1730304401587.png","datePublished":"2024-10-30T16:07:24+00:00","dateModified":"2024-10-30T16:07:29+00:00","description":"Tutte le soluzioni ai M.A.G.O. di Hogwarts Mystery! Passa gli esami su Hogwarts Mystery passando i MAGO senza difficolt\u00e0 grazie a questa guida ai MAGO","breadcrumb":{"@id":"https:\/\/ilpixelmatto.it\/blog\/soluzioni-m-a-g-o-hogwarts-mystery\/#breadcrumb"},"inLanguage":"it-IT","potentialAction":[{"@type":"ReadAction","target":["https:\/\/ilpixelmatto.it\/blog\/soluzioni-m-a-g-o-hogwarts-mystery\/"]}]},{"@type":"ImageObject","inLanguage":"it-IT","@id":"https:\/\/ilpixelmatto.it\/blog\/soluzioni-m-a-g-o-hogwarts-mystery\/#primaryimage","url":"https:\/\/ilpixelmatto.it\/blog\/wp-content\/uploads\/2024\/10\/vlcsnap-2024-10-30-17h05m20s124-e1730304401587.png","contentUrl":"https:\/\/ilpixelmatto.it\/blog\/wp-content\/uploads\/2024\/10\/vlcsnap-2024-10-30-17h05m20s124-e1730304401587.png","width":1281,"height":867,"caption":"m.a.g.o. hogwarts mystery"},{"@type":"BreadcrumbList","@id":"https:\/\/ilpixelmatto.it\/blog\/soluzioni-m-a-g-o-hogwarts-mystery\/#breadcrumb","itemListElement":[{"@type":"ListItem","position":1,"name":"Home","item":"https:\/\/ilpixelmatto.it\/blog\/"},{"@type":"ListItem","position":2,"name":"Soluzioni M.A.G.O. Hogwarts Mystery"}]},{"@type":"WebSite","@id":"https:\/\/ilpixelmatto.it\/blog\/#website","url":"https:\/\/ilpixelmatto.it\/blog\/","name":"IlPixelMatto","description":"Harry Potter Hogwarts Mystery, fantascienza e tecnologia!","publisher":{"@id":"https:\/\/ilpixelmatto.it\/blog\/#organization"},"potentialAction":[{"@type":"SearchAction","target":{"@type":"EntryPoint","urlTemplate":"https:\/\/ilpixelmatto.it\/blog\/?s={search_term_string}"},"query-input":{"@type":"PropertyValueSpecification","valueRequired":true,"valueName":"search_term_string"}}],"inLanguage":"it-IT"},{"@type":"Organization","@id":"https:\/\/ilpixelmatto.it\/blog\/#organization","name":"IlPixelMatto","url":"https:\/\/ilpixelmatto.it\/blog\/","logo":{"@type":"ImageObject","inLanguage":"it-IT","@id":"https:\/\/ilpixelmatto.it\/blog\/#\/schema\/logo\/image\/","url":"https:\/\/ilpixelmatto.it\/blog\/wp-content\/uploads\/2020\/03\/final_icon_Tondo-e1584128588290.png","contentUrl":"https:\/\/ilpixelmatto.it\/blog\/wp-content\/uploads\/2020\/03\/final_icon_Tondo-e1584128588290.png","width":250,"height":250,"caption":"IlPixelMatto"},"image":{"@id":"https:\/\/ilpixelmatto.it\/blog\/#\/schema\/logo\/image\/"},"sameAs":["https:\/\/facebook.com\/ilpixelmatto","https:\/\/x.com\/ilpixelmatto","https:\/\/instagram.com\/ilpixelmatto2.0","https:\/\/www.youtube.com\/channel\/UCbpntaj_TeZpHu8d-aVr99w\/join"]}]}},"_links":{"self":[{"href":"https:\/\/ilpixelmatto.it\/blog\/wp-json\/wp\/v2\/pages\/3161","targetHints":{"allow":["GET"]}}],"collection":[{"href":"https:\/\/ilpixelmatto.it\/blog\/wp-json\/wp\/v2\/pages"}],"about":[{"href":"https:\/\/ilpixelmatto.it\/blog\/wp-json\/wp\/v2\/types\/page"}],"author":[{"embeddable":true,"href":"https:\/\/ilpixelmatto.it\/blog\/wp-json\/wp\/v2\/users\/1"}],"replies":[{"embeddable":true,"href":"https:\/\/ilpixelmatto.it\/blog\/wp-json\/wp\/v2\/comments?post=3161"}],"version-history":[{"count":1,"href":"https:\/\/ilpixelmatto.it\/blog\/wp-json\/wp\/v2\/pages\/3161\/revisions"}],"predecessor-version":[{"id":3162,"href":"https:\/\/ilpixelmatto.it\/blog\/wp-json\/wp\/v2\/pages\/3161\/revisions\/3162"}],"wp:featuredmedia":[{"embeddable":true,"href":"https:\/\/ilpixelmatto.it\/blog\/wp-json\/wp\/v2\/media\/3163"}],"wp:attachment":[{"href":"https:\/\/ilpixelmatto.it\/blog\/wp-json\/wp\/v2\/media?parent=3161"}],"curies":[{"name":"wp","href":"https:\/\/api.w.org\/{rel}","templated":true}]}}